{"id":900,"date":"2020-12-24T22:55:08","date_gmt":"2020-12-24T21:55:08","guid":{"rendered":"http:\/\/formidable-asbl.com\/?page_id=900"},"modified":"2022-07-17T23:04:11","modified_gmt":"2022-07-17T21:04:11","slug":"nos-partenaires","status":"publish","type":"page","link":"http:\/\/formidable-asbl.com\/index.php\/nos-partenaires\/","title":{"rendered":"Nos partenaires"},"content":{"rendered":"<h2>Nos partenaires<\/h2>\n<p style=\"text-align: left; padding-left: 40px;\"><span style=\"font-size: 20px;\">Cette section remercie les sponsors qui nous soutiennent \u00e9nergiquement !<\/span><\/p>\n<p>&nbsp;<\/p>\n<p>Bien que tous nos services soient rendus par des b\u00e9n\u00e9voles, financ\u00e9s par des dons et compl\u00e9t\u00e9s par les recettes de nos diff\u00e9rentes activit\u00e9s, nos grands projets ne seraient pas imaginables sans aide financi\u00e8re.<br \/>\nAinsi la Washmobile et la douche mobile ne seraient pas possible sans le \u00ab\u00a0Formidable\u00a0\u00bb et g\u00e9n\u00e9reux soutien de nos nombreux partenaires et sponsors.<\/p>\n<hr class=\"ap-spacing\" style=\"height:10px\"\/>\n<h4>Faites-nous part de vos propositions en vue d\u2019une collaboration.<\/h4>\n<p>Vous voulez participer \u00e0 cette \u00ab\u00a0Formidable\u00a0\u00bb aventure ?<\/p>\n<p>N&rsquo;h\u00e9sitez pas \u00e0 <a href=\"http:\/\/formidable-asbl.com\/index.php\/contact-page\/\"><strong>nous contacter<\/strong><\/a> pour une demande de sponsoring.<\/p>\n<div class=\"divider\" style=\"margin-top:20px; margin-bottom:20px; border-top:1px solid #CCCCCC;width:100%\"\/><\/div>\n<h5 style=\"text-align: center;\">Merci \u00e0 nos sponsors et \u00e0 nos partenaires pour leur confiance et leur soutien !<\/h5>\n<div class=\"grid-container\">\n<div class=\"grid-item\"><img loading=\"lazy\" decoding=\"async\" class=\"alignnone size-medium wp-image-919\" src=\"http:\/\/formidable-asbl.com\/wp-content\/uploads\/2020\/12\/RCSC-2.png\" alt=\"\" width=\"287\" height=\"135\" \/><\/div>\n<div class=\"grid-item\"><img loading=\"lazy\" decoding=\"async\" class=\"alignnone size-medium wp-image-656 \" src=\"http:\/\/formidable-asbl.com\/wp-content\/uploads\/2020\/12\/fondation-roi-baudoin-300x132.png\" alt=\"\" width=\"300\" height=\"132\" srcset=\"http:\/\/formidable-asbl.com\/wp-content\/uploads\/2020\/12\/fondation-roi-baudoin-300x132.png 300w, http:\/\/formidable-asbl.com\/wp-content\/uploads\/2020\/12\/fondation-roi-baudoin.png 338w\" sizes=\"auto, (max-width: 300px) 100vw, 300px\" \/><\/div>\n<div class=\"grid-item\"><img loading=\"lazy\" decoding=\"async\" class=\"alignnone size-medium wp-image-661 \" src=\"http:\/\/formidable-asbl.com\/wp-content\/uploads\/2020\/12\/Royallions-club-150x150.jpg\" alt=\"\" width=\"150\" height=\"150\" srcset=\"http:\/\/formidable-asbl.com\/wp-content\/uploads\/2020\/12\/Royallions-club-150x150.jpg 150w, http:\/\/formidable-asbl.com\/wp-content\/uploads\/2020\/12\/Royallions-club-125x125.jpg 125w, http:\/\/formidable-asbl.com\/wp-content\/uploads\/2020\/12\/Royallions-club.jpg 225w\" sizes=\"auto, (max-width: 150px) 100vw, 150px\" \/>Lions Club Charleroi Porte de France<\/div>\n<div class=\"grid-item\"><img loading=\"lazy\" decoding=\"async\" class=\"alignnone size-medium wp-image-691\" src=\"http:\/\/formidable-asbl.com\/wp-content\/uploads\/2020\/12\/SponsorSWDE-1-150x150.jpg\" alt=\"\" width=\"150\" height=\"150\" srcset=\"http:\/\/formidable-asbl.com\/wp-content\/uploads\/2020\/12\/SponsorSWDE-1-150x150.jpg 150w, http:\/\/formidable-asbl.com\/wp-content\/uploads\/2020\/12\/SponsorSWDE-1-125x125.jpg 125w\" sizes=\"auto, (max-width: 150px) 100vw, 150px\" \/><\/div>\n<div class=\"grid-item\"><img loading=\"lazy\" decoding=\"async\" class=\"alignnone size-medium wp-image-692\" src=\"http:\/\/formidable-asbl.com\/wp-content\/uploads\/2020\/12\/SponsorVivaforlife-2-150x150.jpg\" alt=\"\" width=\"150\" height=\"150\" srcset=\"http:\/\/formidable-asbl.com\/wp-content\/uploads\/2020\/12\/SponsorVivaforlife-2-150x150.jpg 150w, http:\/\/formidable-asbl.com\/wp-content\/uploads\/2020\/12\/SponsorVivaforlife-2-250x252.jpg 250w, http:\/\/formidable-asbl.com\/wp-content\/uploads\/2020\/12\/SponsorVivaforlife-2-125x125.jpg 125w\" sizes=\"auto, (max-width: 150px) 100vw, 150px\" \/><\/div>\n<div class=\"grid-item\"><img loading=\"lazy\" decoding=\"async\" class=\"wp-image-667 alignnone size-medium\" src=\"http:\/\/formidable-asbl.com\/wp-content\/uploads\/2020\/12\/SponsorVooDon-1-e1608848021294.jpg\" alt=\"\" width=\"281\" height=\"159\" \/><\/div>\n<div class=\"grid-item\"><img loading=\"lazy\" decoding=\"async\" class=\"alignnone size-medium wp-image-682\" src=\"http:\/\/formidable-asbl.com\/wp-content\/uploads\/2020\/12\/ville2.png\" alt=\"\" width=\"250\" height=\"99\" \/><\/div>\n<div class=\"grid-item\"><img loading=\"lazy\" decoding=\"async\" class=\"wp-image-657 alignnone size-medium\" src=\"http:\/\/formidable-asbl.com\/wp-content\/uploads\/2020\/12\/Makro-300x129.jpg\" alt=\"\" width=\"300\" height=\"129\" srcset=\"http:\/\/formidable-asbl.com\/wp-content\/uploads\/2020\/12\/Makro-300x129.jpg 300w, http:\/\/formidable-asbl.com\/wp-content\/uploads\/2020\/12\/Makro-1024x439.jpg 1024w, http:\/\/formidable-asbl.com\/wp-content\/uploads\/2020\/12\/Makro-768x329.jpg 768w, http:\/\/formidable-asbl.com\/wp-content\/uploads\/2020\/12\/Makro-1536x658.jpg 1536w, http:\/\/formidable-asbl.com\/wp-content\/uploads\/2020\/12\/Makro.jpg 1654w\" sizes=\"auto, (max-width: 300px) 100vw, 300px\" \/><\/div>\n<div class=\"grid-item\"><img loading=\"lazy\" decoding=\"async\" class=\"alignnone size-mediumwp-image-655\" src=\"http:\/\/formidable-asbl.com\/wp-content\/uploads\/2020\/12\/dominos-150x150.png\" alt=\"\" width=\"150\" height=\"150\" srcset=\"http:\/\/formidable-asbl.com\/wp-content\/uploads\/2020\/12\/dominos-150x150.png 150w, http:\/\/formidable-asbl.com\/wp-content\/uploads\/2020\/12\/dominos-125x125.png 125w, http:\/\/formidable-asbl.com\/wp-content\/uploads\/2020\/12\/dominos.png 225w\" sizes=\"auto, (max-width: 150px) 100vw, 150px\" \/><\/div>\n<div class=\"grid-item\"><img loading=\"lazy\" decoding=\"async\" class=\"wp-image-652 alignnone size-medium\" src=\"http:\/\/formidable-asbl.com\/wp-content\/uploads\/2020\/12\/bouvymotors.png\" alt=\"\" width=\"267\" height=\"189\" \/><\/div>\n<div class=\"grid-item\"><img loading=\"lazy\" decoding=\"async\" class=\"wp-image-653 alignnone size-medium\" src=\"http:\/\/formidable-asbl.com\/wp-content\/uploads\/2020\/12\/Celio-300x81.png\" alt=\"\" width=\"300\" height=\"81\" srcset=\"http:\/\/formidable-asbl.com\/wp-content\/uploads\/2020\/12\/Celio-300x81.png 300w, http:\/\/formidable-asbl.com\/wp-content\/uploads\/2020\/12\/Celio-1024x278.png 1024w, http:\/\/formidable-asbl.com\/wp-content\/uploads\/2020\/12\/Celio-768x208.png 768w, http:\/\/formidable-asbl.com\/wp-content\/uploads\/2020\/12\/Celio-1536x416.png 1536w, http:\/\/formidable-asbl.com\/wp-content\/uploads\/2020\/12\/Celio-2048x555.png 2048w, http:\/\/formidable-asbl.com\/wp-content\/uploads\/2020\/12\/Celio-1203x326.png 1203w\" sizes=\"auto, (max-width: 300px) 100vw, 300px\" \/><\/div>\n<div class=\"grid-item\"><img loading=\"lazy\" decoding=\"async\" class=\"size-thumbnail wp-image-1069 alignnone\" src=\"http:\/\/formidable-asbl.com\/wp-content\/uploads\/2020\/12\/fulltv-150x150.jpg\" alt=\"\" width=\"150\" height=\"150\" srcset=\"http:\/\/formidable-asbl.com\/wp-content\/uploads\/2020\/12\/fulltv-150x150.jpg 150w, http:\/\/formidable-asbl.com\/wp-content\/uploads\/2020\/12\/fulltv-125x125.jpg 125w, http:\/\/formidable-asbl.com\/wp-content\/uploads\/2020\/12\/fulltv.jpg 176w\" sizes=\"auto, (max-width: 150px) 100vw, 150px\" \/><\/div>\n<div class=\"grid-item\"><\/div>\n<div class=\"grid-item\"><img loading=\"lazy\" decoding=\"async\" class=\"alignnone size-medium wp-image-663\" src=\"http:\/\/formidable-asbl.com\/wp-content\/uploads\/2020\/12\/SponsorJacquesRemyfilsDon-1-150x150.jpg\" alt=\"\" width=\"150\" height=\"150\" srcset=\"http:\/\/formidable-asbl.com\/wp-content\/uploads\/2020\/12\/SponsorJacquesRemyfilsDon-1-150x150.jpg 150w, http:\/\/formidable-asbl.com\/wp-content\/uploads\/2020\/12\/SponsorJacquesRemyfilsDon-1-300x300.jpg 300w, http:\/\/formidable-asbl.com\/wp-content\/uploads\/2020\/12\/SponsorJacquesRemyfilsDon-1-125x125.jpg 125w, http:\/\/formidable-asbl.com\/wp-content\/uploads\/2020\/12\/SponsorJacquesRemyfilsDon-1-400x400.jpg 400w, http:\/\/formidable-asbl.com\/wp-content\/uploads\/2020\/12\/SponsorJacquesRemyfilsDon-1-425x425.jpg 425w, http:\/\/formidable-asbl.com\/wp-content\/uploads\/2020\/12\/SponsorJacquesRemyfilsDon-1.jpg 427w\" sizes=\"auto, (max-width: 150px) 100vw, 150px\" \/><\/div>\n<div class=\"grid-item\"><img loading=\"lazy\" decoding=\"async\" class=\"alignnone size-medium wp-image-660\" src=\"http:\/\/formidable-asbl.com\/wp-content\/uploads\/2020\/12\/Royal-climbias-club-150x150.jpg\" alt=\"\" width=\"150\" height=\"150\" srcset=\"http:\/\/formidable-asbl.com\/wp-content\/uploads\/2020\/12\/Royal-climbias-club-150x150.jpg 150w, http:\/\/formidable-asbl.com\/wp-content\/uploads\/2020\/12\/Royal-climbias-club-125x125.jpg 125w\" sizes=\"auto, (max-width: 150px) 100vw, 150px\" \/><\/div>\n<div class=\"grid-item\"><img loading=\"lazy\" decoding=\"async\" class=\"wp-image-654 alignnone size-medium\" src=\"http:\/\/formidable-asbl.com\/wp-content\/uploads\/2020\/12\/centrale-du-frais.png\" alt=\"\" width=\"270\" height=\"187\" \/><\/div>\n<div class=\"grid-item\"><img loading=\"lazy\" decoding=\"async\" class=\"alignnone size-medium wp-image-658\" src=\"http:\/\/formidable-asbl.com\/wp-content\/uploads\/2020\/12\/oxyjeunes-150x150.png\" alt=\"\" width=\"150\" height=\"150\" srcset=\"http:\/\/formidable-asbl.com\/wp-content\/uploads\/2020\/12\/oxyjeunes-150x150.png 150w, http:\/\/formidable-asbl.com\/wp-content\/uploads\/2020\/12\/oxyjeunes-125x125.png 125w\" sizes=\"auto, (max-width: 150px) 100vw, 150px\" \/><\/div>\n<div class=\"grid-item\"><\/div>\n<div class=\"grid-item\"><img loading=\"lazy\" decoding=\"async\" class=\"wp-image-976 alignnone size-medium\" src=\"http:\/\/formidable-asbl.com\/wp-content\/uploads\/2020\/12\/telechargement.jpg\" alt=\"\" width=\"196\" height=\"257\" \/><\/div>\n<div class=\"grid-item\"><\/div>\n<\/div>\n<div><div class=\"ap_call_to_action clearfix center\"><div class=\"ap_call_to_action_content\">Envie de nous rejoindre ou nous poser une question ?<\/div><a href=\"http:\/\/formidable-asbl.com\/index.php\/contact-page\/\" class=\"ap_call_to_action_button\">Contactez-nous<\/a><\/div><\/div>\n","protected":false},"excerpt":{"rendered":"<p>Nos partenaires Cette section remercie les sponsors qui nous soutiennent \u00e9nergiquement ! &nbsp; Bien que tous nos services soient rendus par des b\u00e9n\u00e9voles, financ\u00e9s par des dons et compl\u00e9t\u00e9s par les recettes de nos diff\u00e9rentes activit\u00e9s, nos grands projets ne seraient pas imaginables sans aide financi\u00e8re. Ainsi la Washmobile et la douche mobile ne seraient pas possible sans le \u00ab\u00a0Formidable\u00a0\u00bb et g\u00e9n\u00e9reux soutien de nos nombreux partenaires et sponsors. Faites-nous part de vos propositions en vue d\u2019une collaboration. Vous voulez participer \u00e0 cette \u00ab\u00a0Formidable\u00a0\u00bb aventure ? N&rsquo;h\u00e9sitez pas \u00e0 nous contacter pour une demande de sponsoring. Merci \u00e0 nos sponsors&#8230;<\/p>\n","protected":false},"author":1,"featured_media":0,"parent":0,"menu_order":0,"comment_status":"closed","ping_status":"closed","template":"","meta":{"_exactmetrics_skip_tracking":false,"_exactmetrics_sitenote_active":false,"_exactmetrics_sitenote_note":"","_exactmetrics_sitenote_category":0,"footnotes":""},"class_list":["post-900","page","type-page","status-publish","hentry"],"_links":{"self":[{"href":"http:\/\/formidable-asbl.com\/index.php\/wp-json\/wp\/v2\/pages\/900","targetHints":{"allow":["GET"]}}],"collection":[{"href":"http:\/\/formidable-asbl.com\/index.php\/wp-json\/wp\/v2\/pages"}],"about":[{"href":"http:\/\/formidable-asbl.com\/index.php\/wp-json\/wp\/v2\/types\/page"}],"author":[{"embeddable":true,"href":"http:\/\/formidable-asbl.com\/index.php\/wp-json\/wp\/v2\/users\/1"}],"replies":[{"embeddable":true,"href":"http:\/\/formidable-asbl.com\/index.php\/wp-json\/wp\/v2\/comments?post=900"}],"version-history":[{"count":44,"href":"http:\/\/formidable-asbl.com\/index.php\/wp-json\/wp\/v2\/pages\/900\/revisions"}],"predecessor-version":[{"id":1250,"href":"http:\/\/formidable-asbl.com\/index.php\/wp-json\/wp\/v2\/pages\/900\/revisions\/1250"}],"wp:attachment":[{"href":"http:\/\/formidable-asbl.com\/index.php\/wp-json\/wp\/v2\/media?parent=900"}],"curies":[{"name":"wp","href":"https:\/\/api.w.org\/{rel}","templated":true}]}}