{"id":763,"date":"2020-12-15T19:53:38","date_gmt":"2020-12-15T18:53:38","guid":{"rendered":"http:\/\/formidable-asbl.com\/?page_id=763"},"modified":"2022-08-29T16:06:04","modified_gmt":"2022-08-29T14:06:04","slug":"nos-projets","status":"publish","type":"page","link":"http:\/\/formidable-asbl.com\/index.php\/nos-projets\/","title":{"rendered":"Nos projets"},"content":{"rendered":"<h2>Nos projets<\/h2>\n<p style=\"text-align: left; padding-left: 40px;\"><span style=\"font-size: 20px;\">D\u00e9couvrez nos projets en cours et \u00e0 venir. <\/span><\/p>\n<p style=\"text-align: left; padding-left: 40px;\"><span style=\"font-size: 20px;\">Nous d\u00e9veloppons des projets \u00e0 long termes permettant de r\u00e9pondre aux besoins essentiels des plus d\u00e9munis.<br \/>\nDes actions de coh\u00e9sion sociale et d\u2019animation socioculturelle sont \u00e9galement organis\u00e9s dans les quartiers. <\/span><\/p>\n<p style=\"text-align: left; padding-left: 40px;\"><span style=\"font-size: 20px;\">Nous souhaitons de ce fait contribuer \u00e0 am\u00e9liorer et renforcer la participation citoyenne et soutenir les habitants de Marcinelle, \u00e0 devenir ainsi les acteurs d\u2019un d\u00e9veloppement harmonieux et durable de la soci\u00e9t\u00e9.<\/span><\/p>\n<p style=\"text-align: left; padding-left: 40px;\"><span style=\"font-size: 20px;\">Ces projets n&rsquo;aboutiraient pas sans la collaboration avec de <strong><a href=\"\/index.php\/nos-partenaires\/\">nombreux partenaires<\/a><\/strong> qui nous supportent financi\u00e8rement et gr\u00e2ce \u00e0 l&rsquo;engagement de nombreux b\u00e9n\u00e9voles.<\/span><\/p>\n<p>&nbsp;<\/p>\n<p><span style=\"font-size: 20px;\"><div class=\"divider\" style=\"margin-top:20px; margin-bottom:20px; border-top:1px solid #CCCCCC;width:100%\"\/><\/div><\/span><\/p>\n<h4 style=\"padding-left: 40px; text-align: center;\"><span style=\"font-size: 20px;\">D\u00e9couvrez tous nos projets :<\/span><\/h4>\n<div class=\"news-list\">\n<div class=\"news-item\">\n<div class=\"news-image\">\n<figure id=\"attachment_638\" aria-describedby=\"caption-attachment-638\" style=\"width: 368px\" class=\"wp-caption alignnone\"><img loading=\"lazy\" decoding=\"async\" class=\"wp-image-638\" title=\"Wash mobile\" src=\"http:\/\/formidable-asbl.com\/wp-content\/uploads\/2020\/12\/washmobile-1024x485.jpg\" alt=\"Wash mobile\" width=\"368\" height=\"174\" srcset=\"http:\/\/formidable-asbl.com\/wp-content\/uploads\/2020\/12\/washmobile-1024x485.jpg 1024w, http:\/\/formidable-asbl.com\/wp-content\/uploads\/2020\/12\/washmobile-300x142.jpg 300w, http:\/\/formidable-asbl.com\/wp-content\/uploads\/2020\/12\/washmobile-768x364.jpg 768w, http:\/\/formidable-asbl.com\/wp-content\/uploads\/2020\/12\/washmobile.jpg 1352w\" sizes=\"auto, (max-width: 368px) 100vw, 368px\" \/><figcaption id=\"caption-attachment-638\" class=\"wp-caption-text\">Wash mobile<\/figcaption><\/figure>\n<\/div>\n<div class=\"news-info\"><div class=\"ap_call_to_action clearfix center\"><div class=\"ap_call_to_action_content\">Suite \u00e0 diff\u00e9rents \u00e9changes et conversations avec les plus d\u00e9munis, lors de nos nombreux \u00e9v\u00e9nements organis\u00e9s visant les personnes vivant dans la pr\u00e9carit\u00e9, nous avons pu identifier le c\u0153ur du\u00a0 probl\u00e8me. En effet, la difficult\u00e9 rencontr\u00e9e est de ne pas avoir une bonne hygi\u00e8ne de vie&#8230;<\/div><a href=\"\/index.php\/nos-projets\/wash-mobile\" class=\"ap_call_to_action_button\">Wash Mobile<\/a><\/div><\/div>\n<\/div>\n<div class=\"news-item\">\n<div class=\"news-image\">\n<figure id=\"attachment_1174\" aria-describedby=\"caption-attachment-1174\" style=\"width: 365px\" class=\"wp-caption alignnone\"><img loading=\"lazy\" decoding=\"async\" class=\"wp-image-1174\" title=\"douche mobile\" src=\"http:\/\/formidable-asbl.com\/wp-content\/uploads\/2021\/06\/1622547697729-300x200.jpg\" alt=\"douche mobile\" width=\"365\" height=\"243\" srcset=\"http:\/\/formidable-asbl.com\/wp-content\/uploads\/2021\/06\/1622547697729-300x200.jpg 300w, http:\/\/formidable-asbl.com\/wp-content\/uploads\/2021\/06\/1622547697729-1024x683.jpg 1024w, http:\/\/formidable-asbl.com\/wp-content\/uploads\/2021\/06\/1622547697729-768x512.jpg 768w, http:\/\/formidable-asbl.com\/wp-content\/uploads\/2021\/06\/1622547697729-1536x1024.jpg 1536w, http:\/\/formidable-asbl.com\/wp-content\/uploads\/2021\/06\/1622547697729-375x250.jpg 375w, http:\/\/formidable-asbl.com\/wp-content\/uploads\/2021\/06\/1622547697729-233x156.jpg 233w, http:\/\/formidable-asbl.com\/wp-content\/uploads\/2021\/06\/1622547697729-380x252.jpg 380w, http:\/\/formidable-asbl.com\/wp-content\/uploads\/2021\/06\/1622547697729-510x338.jpg 510w, http:\/\/formidable-asbl.com\/wp-content\/uploads\/2021\/06\/1622547697729.jpg 1600w\" sizes=\"auto, (max-width: 365px) 100vw, 365px\" \/><figcaption id=\"caption-attachment-1174\" class=\"wp-caption-text\">Douche mobile<\/figcaption><\/figure>\n<\/div>\n<div class=\"news-info\">\n<div class=\"ap_call_to_action clearfix center\"><div class=\"ap_call_to_action_content\"><p>Nous voulions offrir un service complet aux personnes fragilis\u00e9es. C&rsquo;est bien d&rsquo;avoir des v\u00eatements propres gr\u00e2ce \u00e0 la wash mobile, mais quand soi-m\u00eame on ne l&rsquo;est pas il y a comme un manque. Pour cette raison nous nous sommes lanc\u00e9s dans un nouveau projet ; cr\u00e9er la shower mobile, des douches mobiles&#8230;<\/p><\/div><a href=\"\/index.php\/nos-projets\/douche-mobile\" class=\"ap_call_to_action_button\">Douche mobile<\/a><\/div>\n<\/div>\n<div class=\"news-item\">\n<div class=\"news-image\">\n<figure id=\"attachment_639\" aria-describedby=\"caption-attachment-639\" style=\"width: 365px\" class=\"wp-caption alignnone\"><img loading=\"lazy\" decoding=\"async\" class=\"wp-image-639\" title=\"jardin partag\u00e9\" src=\"http:\/\/formidable-asbl.com\/wp-content\/uploads\/2020\/12\/Jardin8.jpg\" alt=\"jardin partag\u00e9\" width=\"365\" height=\"274\" srcset=\"http:\/\/formidable-asbl.com\/wp-content\/uploads\/2020\/12\/Jardin8.jpg 960w, http:\/\/formidable-asbl.com\/wp-content\/uploads\/2020\/12\/Jardin8-300x225.jpg 300w, http:\/\/formidable-asbl.com\/wp-content\/uploads\/2020\/12\/Jardin8-768x576.jpg 768w\" sizes=\"auto, (max-width: 365px) 100vw, 365px\" \/><figcaption id=\"caption-attachment-639\" class=\"wp-caption-text\">Jardin partag\u00e9<\/figcaption><\/figure>\n<\/div>\n<div class=\"news-info\">\n<div class=\"ap_call_to_action clearfix center\"><div class=\"ap_call_to_action_content\">Le projet social de Jardin Partag\u00e9 a remport\u00e9 l\u2019appel \u00e0 projets \u00abinitiative citoyenne\u00bb lanc\u00e9 par l\u2019\u00e9chevin de la Participation Serge Beghin. Con\u00e7u gr\u00e2ce \u00e0 la participation de jeunes du quartier, ce potager a pour objectif de dynamiser la cit\u00e9 et cr\u00e9er des moments de convivialit\u00e9 entre riverains&#8230;<\/div><a href=\"\/index.php\/nos-projets\/jardin-partage\/\" class=\"ap_call_to_action_button\">Jardin Partag\u00e9<\/a><\/div>\n<\/div>\n<div class=\"news-item\">\n<div class=\"news-image\">\n<figure id=\"attachment_1257\" aria-describedby=\"caption-attachment-1257\" style=\"width: 366px\" class=\"wp-caption alignnone\"><img loading=\"lazy\" decoding=\"async\" class=\"wp-image-1257\" title=\"vestiboutique\" src=\"http:\/\/formidable-asbl.com\/wp-content\/uploads\/2022\/08\/292395575_5227976813955307_3949011676060603795_n.jpg\" alt=\"vestiboutique\" width=\"366\" height=\"244\" srcset=\"http:\/\/formidable-asbl.com\/wp-content\/uploads\/2022\/08\/292395575_5227976813955307_3949011676060603795_n.jpg 2048w, http:\/\/formidable-asbl.com\/wp-content\/uploads\/2022\/08\/292395575_5227976813955307_3949011676060603795_n-300x200.jpg 300w, http:\/\/formidable-asbl.com\/wp-content\/uploads\/2022\/08\/292395575_5227976813955307_3949011676060603795_n-1024x683.jpg 1024w, http:\/\/formidable-asbl.com\/wp-content\/uploads\/2022\/08\/292395575_5227976813955307_3949011676060603795_n-768x512.jpg 768w, http:\/\/formidable-asbl.com\/wp-content\/uploads\/2022\/08\/292395575_5227976813955307_3949011676060603795_n-1536x1025.jpg 1536w, http:\/\/formidable-asbl.com\/wp-content\/uploads\/2022\/08\/292395575_5227976813955307_3949011676060603795_n-375x250.jpg 375w, http:\/\/formidable-asbl.com\/wp-content\/uploads\/2022\/08\/292395575_5227976813955307_3949011676060603795_n-233x156.jpg 233w, http:\/\/formidable-asbl.com\/wp-content\/uploads\/2022\/08\/292395575_5227976813955307_3949011676060603795_n-380x252.jpg 380w, http:\/\/formidable-asbl.com\/wp-content\/uploads\/2022\/08\/292395575_5227976813955307_3949011676060603795_n-510x338.jpg 510w\" sizes=\"auto, (max-width: 366px) 100vw, 366px\" \/><figcaption id=\"caption-attachment-1257\" class=\"wp-caption-text\">Vestiboutique<\/figcaption><\/figure>\n<\/div>\n<div class=\"news-info\"><div class=\"ap_call_to_action clearfix center\"><div class=\"ap_call_to_action_content\">L\u2019ASBL Formidable vous pr\u00e9sente la Formi\u2019boutique. Une vestiboutique \u00e0 la Cit\u00e9 Parc dans les anciens locaux de la Sambrienne. Polo, t-shirt, short, jeans et m\u00eame des robes, voil\u00e0 un aper\u00e7u de ce qui est propos\u00e9 dans cette toute nouvelle vestiboutique..<\/div><a href=\"\/index.php\/nos-projets\/vestiboutique\/\" class=\"ap_call_to_action_button\">Formi'boutique<\/a><\/div><\/div>\n<\/div>\n<div class=\"news-item\">\n<div class=\"news-image\">\n<p><img loading=\"lazy\" decoding=\"async\" class=\"alignnone wp-image-1331 \" title=\"vestiboutique\" src=\"http:\/\/formidable-asbl.com\/wp-content\/uploads\/2022\/08\/produit-dhygiene.jpg\" alt=\"\" width=\"366\" height=\"244\" srcset=\"http:\/\/formidable-asbl.com\/wp-content\/uploads\/2022\/08\/produit-dhygiene-375x250.jpg 375w, http:\/\/formidable-asbl.com\/wp-content\/uploads\/2022\/08\/produit-dhygiene-233x156.jpg 233w, http:\/\/formidable-asbl.com\/wp-content\/uploads\/2022\/08\/produit-dhygiene-380x252.jpg 380w, http:\/\/formidable-asbl.com\/wp-content\/uploads\/2022\/08\/produit-dhygiene-510x338.jpg 510w\" sizes=\"auto, (max-width: 366px) 100vw, 366px\" \/><\/p>\n<\/div>\n<div class=\"news-info\"><div class=\"ap_call_to_action clearfix center\"><div class=\"ap_call_to_action_content\">l\u2019ASBL Formidable lance le Formi\u2019Market, un nouveau projet pour les personnes dans le besoin&#8230;<\/div><a href=\"\/index.php\/nos-projets\/formi-market\/\" class=\"ap_call_to_action_button\">Formi'Market<\/a><\/div><\/div>\n<\/div>\n<\/div>\n<div class=\"ap_call_to_action clearfix center\"><div class=\"ap_call_to_action_content\">Nos Actions Ponctuelles<\/div><a href=\"\/index.php\/nos-actions\/\" class=\"ap_call_to_action_button\">Nos Actions <\/a><\/div>\n<\/div>\n<\/div>\n","protected":false},"excerpt":{"rendered":"<p>Nos projets D\u00e9couvrez nos projets en cours et \u00e0 venir. Nous d\u00e9veloppons des projets \u00e0 long termes permettant de r\u00e9pondre aux besoins essentiels des plus d\u00e9munis. Des actions de coh\u00e9sion sociale et d\u2019animation socioculturelle sont \u00e9galement organis\u00e9s dans les quartiers. Nous souhaitons de ce fait contribuer \u00e0 am\u00e9liorer et renforcer la participation citoyenne et soutenir les habitants de Marcinelle, \u00e0 devenir ainsi les acteurs d\u2019un d\u00e9veloppement harmonieux et durable de la soci\u00e9t\u00e9. Ces projets n&rsquo;aboutiraient pas sans la collaboration avec de nombreux partenaires qui nous supportent financi\u00e8rement et gr\u00e2ce \u00e0 l&rsquo;engagement de nombreux b\u00e9n\u00e9voles. &nbsp; D\u00e9couvrez tous nos projets :<\/p>\n","protected":false},"author":1,"featured_media":0,"parent":0,"menu_order":0,"comment_status":"closed","ping_status":"closed","template":"","meta":{"_exactmetrics_skip_tracking":false,"_exactmetrics_sitenote_active":false,"_exactmetrics_sitenote_note":"","_exactmetrics_sitenote_category":0,"footnotes":""},"class_list":["post-763","page","type-page","status-publish","hentry"],"_links":{"self":[{"href":"http:\/\/formidable-asbl.com\/index.php\/wp-json\/wp\/v2\/pages\/763","targetHints":{"allow":["GET"]}}],"collection":[{"href":"http:\/\/formidable-asbl.com\/index.php\/wp-json\/wp\/v2\/pages"}],"about":[{"href":"http:\/\/formidable-asbl.com\/index.php\/wp-json\/wp\/v2\/types\/page"}],"author":[{"embeddable":true,"href":"http:\/\/formidable-asbl.com\/index.php\/wp-json\/wp\/v2\/users\/1"}],"replies":[{"embeddable":true,"href":"http:\/\/formidable-asbl.com\/index.php\/wp-json\/wp\/v2\/comments?post=763"}],"version-history":[{"count":37,"href":"http:\/\/formidable-asbl.com\/index.php\/wp-json\/wp\/v2\/pages\/763\/revisions"}],"predecessor-version":[{"id":1332,"href":"http:\/\/formidable-asbl.com\/index.php\/wp-json\/wp\/v2\/pages\/763\/revisions\/1332"}],"wp:attachment":[{"href":"http:\/\/formidable-asbl.com\/index.php\/wp-json\/wp\/v2\/media?parent=763"}],"curies":[{"name":"wp","href":"https:\/\/api.w.org\/{rel}","templated":true}]}}