{"id":1448,"date":"2024-11-14T14:22:31","date_gmt":"2024-11-14T13:22:31","guid":{"rendered":"http:\/\/formidable-asbl.com\/?page_id=1448"},"modified":"2024-12-09T08:42:18","modified_gmt":"2024-12-09T07:42:18","slug":"noel-solidaire-2024","status":"publish","type":"page","link":"http:\/\/formidable-asbl.com\/index.php\/nos-actions\/noel-solidaire-2024\/","title":{"rendered":"No\u00ebl Solidaire 2024"},"content":{"rendered":"<h1 style=\"padding-left: 40px; text-align: center;\">L&rsquo;Asbl FORMIDABLE<br \/>\nOrganise la journ\u00e9e No\u00ebl solidaire 2024<\/h1>\n<p>&nbsp;<\/p>\n<p style=\"text-align: center;\"><span style=\"color: #ff0000; font-size: 18px;\"><strong>Nous sommes complet et les inscriptions sont termin\u00e9es !<\/strong><\/span><\/p>\n<p>&nbsp;<\/p>\n<h3 style=\"padding-left: 40px;\"><strong>Quand ?<\/strong><\/h3>\n<p style=\"padding-left: 40px;\">Le samedi 21\/12\/2024<\/p>\n<h3 style=\"padding-left: 40px;\"><strong>O\u00f9 ?<\/strong><\/h3>\n<p style=\"padding-left: 40px;\">Salle Saint Louis. Cours Garibaldi, 28 6001 Marcinelle<\/p>\n<h3 style=\"padding-left: 40px;\"><strong>Pour qui ?<\/strong><\/h3>\n<p style=\"padding-left: 40px;\">Les enfants de 3 \u00e0 10 ans + 1 adulte par famille<\/p>\n<h4 style=\"padding-left: 40px;\"><span style=\"text-decoration: underline;\"><strong>\u00c9v\u00e8nement 100% gratuit.<\/strong><\/span><\/h4>\n<p style=\"padding-left: 40px;\">Inscription obligatoire via le formulaire en bas de page !<\/p>\n<p style=\"padding-left: 40px;\">Nombre de places limit\u00e9es \u00e0 60 enfants !<br \/>\n(Date limite d&rsquo;inscription le 11 D\u00e9cembre 2024)<\/p>\n<p style=\"padding-left: 40px;\">Les enfants peuvent apporter un dessin du p\u00e8re No\u00ebl !!<\/p>\n<h3 style=\"padding-left: 40px;\">Au programme :<\/h3>\n<ul>\n<li style=\"list-style-type: none;\">\n<ul>\n<li style=\"list-style-type: none;\">\n<ul>\n<li style=\"list-style-type: none;\">\n<ul>\n<li>13h30 : arriv\u00e9e des enfants<\/li>\n<li>14h00 : spectacle<\/li>\n<li>15h30 : go\u00fbter<\/li>\n<li>16h30 : arriv\u00e9e du p\u00e8re No\u00ebl avec distribution de cadeaux et de bonbons + photo individuelle avec le p\u00e8re No\u00ebl.<\/li>\n<\/ul>\n<\/li>\n<\/ul>\n<\/li>\n<\/ul>\n<\/li>\n<\/ul>\n<p><!--\n\n\n\n<p style=\"text-align: center;\"><span style=\"color: #cf0404;\"><strong>En cas d'emp\u00eachement, assurez vous de nous pr\u00e9venir, car les cadeaux seront personnalis\u00e9s.\nEt cela offrira \u00e0 d'autres enfants la possibilit\u00e9 d'en profiter.<\/strong><\/span>\n\n&nbsp;\n\n\n<div style=\"text-align: center;\"><iframe loading=\"lazy\" src=\"https:\/\/docs.google.com\/forms\/d\/e\/1FAIpQLSf4-q09oDrPwu-W_sA0tF1JENYClRmSmbC9wgagnlXyCOrYmw\/viewform?usp=sf_link?embedded=true\" width=\"640\" height=\"1600\" frameborder=\"0\" marginwidth=\"0\" marginheight=\"0\">Chargement\u2026<\/iframe><\/div>\n\n\n--><\/p>\n<p>&nbsp;<\/p>\n<p>&nbsp;<\/p>\n","protected":false},"excerpt":{"rendered":"<p>L&rsquo;Asbl FORMIDABLE Organise la journ\u00e9e No\u00ebl solidaire 2024 &nbsp; Nous sommes complet et les inscriptions sont termin\u00e9es ! &nbsp; Quand ? Le samedi 21\/12\/2024 O\u00f9 ? Salle Saint Louis. Cours Garibaldi, 28 6001 Marcinelle Pour qui ? Les enfants de 3 \u00e0 10 ans + 1 adulte par famille \u00c9v\u00e8nement 100% gratuit. Inscription obligatoire via le formulaire en bas de page ! Nombre de places limit\u00e9es \u00e0 60 enfants ! (Date limite d&rsquo;inscription le 11 D\u00e9cembre 2024) Les enfants peuvent apporter un dessin du p\u00e8re No\u00ebl !! Au programme : 13h30 : arriv\u00e9e des enfants 14h00 : spectacle 15h30 :&#8230;<\/p>\n","protected":false},"author":1,"featured_media":1428,"parent":747,"menu_order":0,"comment_status":"closed","ping_status":"closed","template":"","meta":{"_exactmetrics_skip_tracking":false,"_exactmetrics_sitenote_active":false,"_exactmetrics_sitenote_note":"","_exactmetrics_sitenote_category":0,"footnotes":""},"class_list":["post-1448","page","type-page","status-publish","has-post-thumbnail","hentry"],"_links":{"self":[{"href":"http:\/\/formidable-asbl.com\/index.php\/wp-json\/wp\/v2\/pages\/1448","targetHints":{"allow":["GET"]}}],"collection":[{"href":"http:\/\/formidable-asbl.com\/index.php\/wp-json\/wp\/v2\/pages"}],"about":[{"href":"http:\/\/formidable-asbl.com\/index.php\/wp-json\/wp\/v2\/types\/page"}],"author":[{"embeddable":true,"href":"http:\/\/formidable-asbl.com\/index.php\/wp-json\/wp\/v2\/users\/1"}],"replies":[{"embeddable":true,"href":"http:\/\/formidable-asbl.com\/index.php\/wp-json\/wp\/v2\/comments?post=1448"}],"version-history":[{"count":19,"href":"http:\/\/formidable-asbl.com\/index.php\/wp-json\/wp\/v2\/pages\/1448\/revisions"}],"predecessor-version":[{"id":1495,"href":"http:\/\/formidable-asbl.com\/index.php\/wp-json\/wp\/v2\/pages\/1448\/revisions\/1495"}],"up":[{"embeddable":true,"href":"http:\/\/formidable-asbl.com\/index.php\/wp-json\/wp\/v2\/pages\/747"}],"wp:featuredmedia":[{"embeddable":true,"href":"http:\/\/formidable-asbl.com\/index.php\/wp-json\/wp\/v2\/media\/1428"}],"wp:attachment":[{"href":"http:\/\/formidable-asbl.com\/index.php\/wp-json\/wp\/v2\/media?parent=1448"}],"curies":[{"name":"wp","href":"https:\/\/api.w.org\/{rel}","templated":true}]}}