{"id":1367,"date":"2023-06-02T12:55:02","date_gmt":"2023-06-02T10:55:02","guid":{"rendered":"http:\/\/formidable-asbl.com\/?page_id=1367"},"modified":"2023-07-12T13:02:29","modified_gmt":"2023-07-12T11:02:29","slug":"randonee-vtt-2023","status":"publish","type":"page","link":"http:\/\/formidable-asbl.com\/index.php\/randonee-vtt-2023\/","title":{"rendered":"Journ\u00e9e Sportive pour la bonne cause"},"content":{"rendered":"<h2 style=\"padding-left: 40px; text-align: center;\">Amis Vettetistes,<br \/>\n\u00c0 vos agendas!<\/h2>\n<p><img loading=\"lazy\" decoding=\"async\" class=\"alignnone size-full wp-image-1395\" src=\"http:\/\/formidable-asbl.com\/wp-content\/uploads\/2023\/06\/VTT-Banner.png\" alt=\"\" width=\"1440\" height=\"636\" srcset=\"http:\/\/formidable-asbl.com\/wp-content\/uploads\/2023\/06\/VTT-Banner.png 1440w, http:\/\/formidable-asbl.com\/wp-content\/uploads\/2023\/06\/VTT-Banner-300x133.png 300w, http:\/\/formidable-asbl.com\/wp-content\/uploads\/2023\/06\/VTT-Banner-1024x452.png 1024w, http:\/\/formidable-asbl.com\/wp-content\/uploads\/2023\/06\/VTT-Banner-768x339.png 768w, http:\/\/formidable-asbl.com\/wp-content\/uploads\/2023\/06\/VTT-Banner-840x370.png 840w\" sizes=\"auto, (max-width: 1440px) 100vw, 1440px\" \/><\/p>\n<div style=\"padding: 5% 5%;\">\n<p>Le 02 Juillet 2023, l&rsquo;ASBL Formidable \u00e0 organis\u00e9 pour la 3\u00e8me ann\u00e9e cons\u00e9cutive une journ\u00e9e sportive \u00ab\u00a0POUR LA BONNE CAUSE\u00a0\u00bb\u00a0 avec :<\/p>\n<ul>\n<li style=\"list-style-type: none;\">\n<ul>\n<li>Une randonn\u00e9e VTT pour la bonne cause avec\u00a03 parcours disponibles 12km, 20 km et 40 km.<\/li>\n<li>Une marche et course \u00e0 pied 2 parcours disponibles : 6 et 12km.<\/li>\n<li>Un cours de Kangoo jumps 1h<\/li>\n<\/ul>\n<\/li>\n<\/ul>\n<p><strong>Lieu<\/strong>:<\/p>\n<p>Complexe sportif de L&rsquo;Asie<br \/>\nRue de l&rsquo;Asie 4<br \/>\n6001 Marcinelle<\/p>\n<h4>Tarifs:<\/h4>\n<ul>\n<li style=\"list-style-type: none;\">\n<ul>\n<li><strong>Randonn\u00e9e VTT 12\/20\/40 Km (690 D+) \u00ab\u00a03 ravitaillements\u00a0\u00bb<\/strong><\/li>\n<li><strong>Course jogging nature 6\/12 km (2 ravitaillements)<\/strong><\/li>\n<li><strong>Marche \u00e0 pied:6\/12km:\u00a0 (1 ravitaillement)<br \/>\n<\/strong><\/li>\n<li><strong>Kangoo jump:\u00a0 (1 boisson offerte)<br \/>\n<\/strong><\/li>\n<\/ul>\n<\/li>\n<\/ul>\n<h4><span style=\"color: #333333;\">Inclus:<\/span><\/h4>\n<p style=\"padding-left: 40px;\">* Plusieurs Ravitaillements \u00e0 divers lieux du parcours<br \/>\n* Vestiaire + douche<br \/>\n* Bike wash<\/p>\n<p style=\"text-align: left; padding-left: 40px;\">\u00a0Diverses activit\u00e9es tout au long de la journ\u00e9e.<\/p>\n<h3>Le programme:<\/h3>\n<ul>\n<li>07h00 &#8211; 09h30: D\u00e9part randonn\u00e9e vtt 12-20-40km<\/li>\n<li>10h00: D\u00e9part course jogging nature 12km<\/li>\n<li>10h30: D\u00e9part course jogging nature 6 km<\/li>\n<li>10h45: D\u00e9part marche 6 et 12 km<\/li>\n<li>10h30 &#8211; 14h00: Initiation v\u00e9lo 8 \u00e0 13ans (gratuit)<\/li>\n<li>11h30 &#8211; 12h30: Piloxing (Zumba, Boxe, Pilates) gratuit<\/li>\n<li>13h00 &#8211; 14h00: Yoga-stretching (gratuit)<\/li>\n<li>14h00 &#8211; 15h00: Kangoo jumps (1h): 6\u20ac<\/li>\n<li>15h00 &#8211; 15h30: Initiation Kangoo jumps (gratuit)<\/li>\n<li>15h30 &#8211; 16h30: Zumba kids (gratuit)<\/li>\n<li>Tic \u00e0 l&rsquo;arc- badminton- ch\u00e2teau gonflable- barbe \u00e0 papa- p\u00eache aux canards- Animation bulles- mascottes- bar- barbecue, confiserie &#8230;<\/li>\n<\/ul>\n<p>&nbsp;<\/p>\n<div><strong>Asbl Formidable<\/strong><\/div>\n<div>Abarkan Faysal<\/div>\n<div>0475\/35.04.76<\/div>\n<\/div>\n","protected":false},"excerpt":{"rendered":"<p>Amis Vettetistes, \u00c0 vos agendas! Le 02 Juillet 2023, l&rsquo;ASBL Formidable \u00e0 organis\u00e9 pour la 3\u00e8me ann\u00e9e cons\u00e9cutive une journ\u00e9e sportive \u00ab\u00a0POUR LA BONNE CAUSE\u00a0\u00bb\u00a0 avec : Une randonn\u00e9e VTT pour la bonne cause avec\u00a03 parcours disponibles 12km, 20 km et 40 km. Une marche et course \u00e0 pied 2 parcours disponibles : 6 et 12km. Un cours de Kangoo jumps 1h Lieu: Complexe sportif de L&rsquo;Asie Rue de l&rsquo;Asie 4 6001 Marcinelle Tarifs: Randonn\u00e9e VTT 12\/20\/40 Km (690 D+) \u00ab\u00a03 ravitaillements\u00a0\u00bb Course jogging nature 6\/12 km (2 ravitaillements) Marche \u00e0 pied:6\/12km:\u00a0 (1 ravitaillement) Kangoo jump:\u00a0 (1 boisson offerte) Inclus:&#8230;<\/p>\n","protected":false},"author":1,"featured_media":0,"parent":0,"menu_order":0,"comment_status":"closed","ping_status":"closed","template":"","meta":{"_exactmetrics_skip_tracking":false,"_exactmetrics_sitenote_active":false,"_exactmetrics_sitenote_note":"","_exactmetrics_sitenote_category":0,"footnotes":""},"class_list":["post-1367","page","type-page","status-publish","hentry"],"_links":{"self":[{"href":"http:\/\/formidable-asbl.com\/index.php\/wp-json\/wp\/v2\/pages\/1367","targetHints":{"allow":["GET"]}}],"collection":[{"href":"http:\/\/formidable-asbl.com\/index.php\/wp-json\/wp\/v2\/pages"}],"about":[{"href":"http:\/\/formidable-asbl.com\/index.php\/wp-json\/wp\/v2\/types\/page"}],"author":[{"embeddable":true,"href":"http:\/\/formidable-asbl.com\/index.php\/wp-json\/wp\/v2\/users\/1"}],"replies":[{"embeddable":true,"href":"http:\/\/formidable-asbl.com\/index.php\/wp-json\/wp\/v2\/comments?post=1367"}],"version-history":[{"count":33,"href":"http:\/\/formidable-asbl.com\/index.php\/wp-json\/wp\/v2\/pages\/1367\/revisions"}],"predecessor-version":[{"id":1411,"href":"http:\/\/formidable-asbl.com\/index.php\/wp-json\/wp\/v2\/pages\/1367\/revisions\/1411"}],"wp:attachment":[{"href":"http:\/\/formidable-asbl.com\/index.php\/wp-json\/wp\/v2\/media?parent=1367"}],"curies":[{"name":"wp","href":"https:\/\/api.w.org\/{rel}","templated":true}]}}