{"id":1050,"date":"2020-12-27T01:26:32","date_gmt":"2020-12-27T00:26:32","guid":{"rendered":"http:\/\/formidable-asbl.com\/?page_id=1050"},"modified":"2025-05-29T22:31:14","modified_gmt":"2025-05-29T20:31:14","slug":"dans-la-presse","status":"publish","type":"page","link":"http:\/\/formidable-asbl.com\/index.php\/dans-la-presse\/","title":{"rendered":"Dans la presse"},"content":{"rendered":"<h2><\/h2>\n<h2 style=\"text-align: center;\">On parle de nous dans la presse :<\/h2>\n<p>&nbsp;<\/p>\n<ul>\n<li>\n<p class=\"ap-Title ap-StoryTitle--text\"><strong><a href=\"https:\/\/www.dhnet.be\/regions\/charleroi\/2025\/05\/16\/enveloppe-retrouvee-GPOMQUFZBZEAXJ32DPBAOT7GSY\/\">La propi\u00e9taire d&rsquo;une enveloppe contenant pr\u00e8s de 3 000 euros laiss\u00e9s dans un veste donn\u00e9e \u00e0 une vestiboutique a \u00e9t\u00e9 retrouv\u00e9e<\/a><\/strong><\/p>\n<\/li>\n<li>\n<p class=\"ap-Title ap-StoryTitle--text\"><a href=\"https:\/\/www.lavenir.net\/regions\/charleroi\/2025\/05\/13\/3-000-dans-une-enveloppe-il-sagit-peut-etre-deconomies-dont-elle-a-besoin-lasbl-formidable-recherche-la-proprietaire-NNEGTGH7L5FHTFN6FUUMXEYGWI\/\"><strong>Une enveloppe avec 3.000 euros dans un v\u00eatement donn\u00e9: elle lance un appel \u00e0 t\u00e9moins<\/strong><\/a><\/p>\n<\/li>\n<li><\/li>\n<li><a href=\"https:\/\/www.dhnet.be\/regions\/charleroi\/2022\/08\/10\/marcinelle-grande-journee-sportive-a-la-cite-parc-le-21-aout-HDIIKKDUXVFMXCLCG2SKXJMNPY\/\"><strong>Marcinelle: grande journ\u00e9e sportive \u00e0 la cit\u00e9 Parc le 21 ao\u00fbt<\/strong><\/a><\/li>\n<\/ul>\n<p>&nbsp;<\/p>\n<ul>\n<li><a href=\"https:\/\/www.dhnet.be\/regions\/charleroi\/2023\/06\/07\/ca-bouge-dans-les-quartiers-grace-a-loperation-mon-quartier-en-fete-6QZCLQWRHVHRJBGVNLYQT65QIQ\/\"><strong>\u00c7a bouge dans les quartiers gr\u00e2ce \u00e0 l\u2019op\u00e9ration \u201cMon quartier en f\u00eate\u201d<\/strong><\/a><\/li>\n<li><\/li>\n<li><strong><a href=\"https:\/\/www.dhnet.be\/regions\/charleroi\/2022\/07\/16\/lasbl-formidable-ouvre-sa-vestiboutique-a-la-cite-parc-DPTBEZKNAVEFJAARWYR7Y2U3AU\/\">L&rsquo;asbl Formidable ouvre sa vestiboutique \u00e0 la Cit\u00e9 Parc<\/a><\/strong><\/li>\n<li style=\"list-style-type: none;\"><\/li>\n<\/ul>\n<ul>\n<li>\n<h3 class=\"article_title\"><span style=\"font-size: 14px;\"><a href=\"https:\/\/www.rtbf.be\/info\/regions\/detail_charleroi-une-douche-mobile-pour-les-sdfs?id=10769997\"><span style=\"font-size: 16px;\">RTBF: une douche mobile pour les sdfs<\/span><\/a><\/span><\/h3>\n<\/li>\n<li>\n<h3 class=\"article_title\"><span style=\"font-size: 14px;\"><a href=\"https:\/\/www.rtl.be\/info\/regions\/hainaut\/une-douche-mobile-a-charleroi-pour-permettre-aux-sans-abris-de-se-laver-1302081.aspx\"><span style=\"font-size: 16px;\">RTL: Une douche mobile \u00e0 Charleroi pour permettre aux sans-abris de se laver<\/span><\/a><\/span><\/h3>\n<\/li>\n<li class=\"article__title\">\n<h3 class=\"article_title\"><span style=\"font-size: 14px;\"><a href=\"https:\/\/www.dhnet.be\/regions\/charleroi\/charleroi-une-shower-mobile-c-est-formidable-5e4abd519978e231068352dc\"><span style=\"font-size: 16px;\">Une shower mobile c&rsquo;est Formidable!<\/span><\/a><\/span><\/h3>\n<\/li>\n<li class=\"article__title\">\n<h3 class=\"article_title\"><span style=\"font-size: 16px;\"><a href=\"https:\/\/www.dhnet.be\/regions\/charleroi\/bientot-des-douches-mobiles-pour-les-sdf-5d94eaf69978e22374c561be\">Bient\u00f4t des douches mobiles pour les SDF<\/a><\/span><\/h3>\n<\/li>\n<li class=\"article__title\">\n<h3 class=\"article_title\"><span style=\"font-size: 16px;\"><a href=\"https:\/\/www.dhnet.be\/regions\/charleroi\/des-eleves-de-l-u-t-construisent-une-douche-mobile-pour-les-sans-abris-5fb3d55d7b50a6525b64269e\">La section chauffagiste de l&rsquo;U.T. collabore pour aider les plus d\u00e9munis<\/a><\/span><\/h3>\n<\/li>\n<li class=\"article__title\">\n<h3 class=\"article_title\"><span style=\"font-size: 16px;\"><a href=\"https:\/\/www.lavenir.net\/cnt\/dmf20191216_01421157\/la-wash-mobile-cartonne\">La wash-mobile cartonne<\/a><\/span><\/h3>\n<\/li>\n<li class=\"article__title\">\n<h3 class=\"article_title\"><span style=\"font-size: 16px;\"><a href=\"https:\/\/www.telesambre.be\/la-wash-mobile-fait-son-apparition-charleroi\">La wash mobile fait son apparition \u00e0 Charleroi<\/a><\/span><\/h3>\n<\/li>\n<li class=\"article__title\">\n<h3 class=\"article_title\"><span style=\"font-size: 16px;\"><a href=\"https:\/\/pro.guidesocial.be\/articles\/actualites\/la-wash-mobile-la-laverie-qui-rend-l-hygiene-accessible-aux-sdf\">La-wash-mobile-la-laverie-qui-rend-l-hygiene-accessible-aux-sdf<\/a><\/span><\/h3>\n<\/li>\n<li class=\"article__title\">\n<h3 class=\"article_title\"><span style=\"font-size: 16px;\"><a href=\"https:\/\/www.dhnet.be\/regions\/charleroi\/une-washmobile-pour-les-sans-abri-carolos-5c90ef1ed8ad585746165a50\">Une \u00ab\u00a0washmobile\u00a0\u00bb pour les sans-abri carolos<\/a><\/span><\/h3>\n<\/li>\n<li class=\"article__title\">\n<h3 class=\"article_title\"><span style=\"font-size: 16px;\"><a href=\"http:\/\/www.sudinfo.be\/1764491\/article\/2017-01-16\/une-campagne-de-sensibilisation-pour-ne-pas-oublier-les-sans-abri\">Une campagne de sensibilisation pour ne pas oublier les sans-abri<\/a><\/span><\/h3>\n<\/li>\n<li class=\"article__title\">\n<h3 class=\"article_title\"><span style=\"font-size: 16px;\"><a href=\"http:\/\/www.lavenir.net\/cnt\/dmf20170718_01031956\/le-roi-philippe-la-wash-mobile-et-les-sdf\">Un subside royal de 5000 euros pour son projet de buanderie mobile<\/a><\/span><\/h3>\n<\/li>\n<li class=\"article_title\">\n<h3 class=\"article_title\"><span style=\"font-size: 16px;\"><a href=\"http:\/\/www.dhnet.be\/regions\/charleroi-centre\/charleroi-une-association-rencontre-les-sdf-et-le-roi-des-belges-596e200ecd70d65d24d6caf8\">Charleroi: une association rencontre les SDF et\u2026 le roi des Belges<\/a><\/span><\/h3>\n<\/li>\n<li class=\"article_title\">\n<h3 class=\"article_title\"><span style=\"font-size: 16px;\"><a href=\"http:\/\/www.lalibre.be\/regions\/hainaut\/marcinelle-le-jardin-de-la-solidarite-57d1866435701f2d1171d297\">Marcinelle: le jardin de la solidarit\u00e9<\/a><\/span><\/h3>\n<\/li>\n<li class=\"article_title\">\n<h3 class=\"article_title\"><span style=\"font-size: 16px;\"><a href=\"https:\/\/telesambre.be\/-marcinelle-un-jardin-partage-a-la-cite-parc-_d_18928.html\">Marcinelle : Un jardin partag\u00e9 \u00e0 la cit\u00e9 parc<\/a><\/span><\/h3>\n<\/li>\n<li class=\"article_title\">\n<h3 class=\"article_title\"><span style=\"font-size: 16px;\"><a href=\"http:\/\/www.lavenir.net\/cnt\/dmf20160831_00873026\/quand-la-solidarite-se-cultive\">Quand la solidarit\u00e9 se cultive<\/a><\/span><\/h3>\n<\/li>\n<li class=\"article_title\">\n<h3 class=\"article_title\"><span style=\"font-size: 16px;\"><a href=\"http:\/\/www.lavenir.net\/cnt\/dmf20160831_00873027\/des-benevoles-formidables\">Des b\u00e9n\u00e9voles formidables<\/a><\/span><\/h3>\n<\/li>\n<li class=\"article_title\">\n<h3 class=\"article_title\"><span style=\"font-size: 16px;\"><a href=\"http:\/\/www.sudinfo.be\/1524830\/article\/2016-03-29\/charleroi-un-stage-vraiment-formidable\">Charleroi: un stage vraiment formidable<\/a><\/span><\/h3>\n<\/li>\n<li class=\"article_title\">\n<h3 class=\"article_title\"><span style=\"font-size: 16px;\"><a href=\"http:\/\/www.lavenir.net\/cnt\/dmf20141027_00550579\">Un repas \u00abFormidable\u00bb pour les d\u00e9munis<\/a><\/span><\/h3>\n<\/li>\n<li class=\"article_title\">\n<h3 class=\"article_title\"><span style=\"font-size: 16px;\"><a href=\"http:\/\/www.lavenir.net\/cnt\/dmf20141228_00578852\">Formidable, la surprise !<\/a><\/span><\/h3>\n<\/li>\n<li class=\"article_title\">\n<h3 class=\"article_title\"><span style=\"font-size: 16px;\"><a href=\"http:\/\/www.sudinfo.be\/940050\/article\/regions\/charleroi\/actualite\/2014-02-19\/un-reportage-sur-les-sans-abri-de-charleroi-fait-le-tour-du-net-12000-vues\">Un reportage sur les sans-abri de Charleroi fait le tour du Net: 12.000 vues en 8 jours (vid\u00e9o)<\/a><\/span><\/h3>\n<\/li>\n<li class=\"article_title\">\n<h3 class=\"article_title\"><span style=\"font-size: 16px;\"><a href=\"http:\/\/www.cathobel.be\/2013\/08\/19\/charleroi-le-barbecue-de-la-solidarite\/\">Charleroi: le barbecue de la solidarit\u00e9<\/a><\/span><\/h3>\n<\/li>\n<li class=\"article_title\">\n<h3 class=\"article_title\"><span style=\"font-size: 16px;\"><a href=\"https:\/\/www.rtl.be\/info\/vous\/temoignages\/charleroi-les-jeunes-de-marcinelle-organisent-un-buffet-pour-les-plus-demunis-photos--376279.aspx\">Charleroi: les jeunes de Marcinelle organisent un buffet pour les plus d\u00e9munis (photos)<\/a><\/span><\/h3>\n<\/li>\n<\/ul>\n","protected":false},"excerpt":{"rendered":"<p>On parle de nous dans la presse : &nbsp; La propi\u00e9taire d&rsquo;une enveloppe contenant pr\u00e8s de 3 000 euros laiss\u00e9s dans un veste donn\u00e9e \u00e0 une vestiboutique a \u00e9t\u00e9 retrouv\u00e9e Une enveloppe avec 3.000 euros dans un v\u00eatement donn\u00e9: elle lance un appel \u00e0 t\u00e9moins Marcinelle: grande journ\u00e9e sportive \u00e0 la cit\u00e9 Parc le 21 ao\u00fbt &nbsp; \u00c7a bouge dans les quartiers gr\u00e2ce \u00e0 l\u2019op\u00e9ration \u201cMon quartier en f\u00eate\u201d L&rsquo;asbl Formidable ouvre sa vestiboutique \u00e0 la Cit\u00e9 Parc RTBF: une douche mobile pour les sdfs RTL: Une douche mobile \u00e0 Charleroi pour permettre aux sans-abris de se laver Une shower&#8230;<\/p>\n","protected":false},"author":1,"featured_media":56,"parent":0,"menu_order":0,"comment_status":"closed","ping_status":"closed","template":"","meta":{"_exactmetrics_skip_tracking":false,"_exactmetrics_sitenote_active":false,"_exactmetrics_sitenote_note":"","_exactmetrics_sitenote_category":0,"footnotes":""},"class_list":["post-1050","page","type-page","status-publish","has-post-thumbnail","hentry"],"_links":{"self":[{"href":"http:\/\/formidable-asbl.com\/index.php\/wp-json\/wp\/v2\/pages\/1050","targetHints":{"allow":["GET"]}}],"collection":[{"href":"http:\/\/formidable-asbl.com\/index.php\/wp-json\/wp\/v2\/pages"}],"about":[{"href":"http:\/\/formidable-asbl.com\/index.php\/wp-json\/wp\/v2\/types\/page"}],"author":[{"embeddable":true,"href":"http:\/\/formidable-asbl.com\/index.php\/wp-json\/wp\/v2\/users\/1"}],"replies":[{"embeddable":true,"href":"http:\/\/formidable-asbl.com\/index.php\/wp-json\/wp\/v2\/comments?post=1050"}],"version-history":[{"count":8,"href":"http:\/\/formidable-asbl.com\/index.php\/wp-json\/wp\/v2\/pages\/1050\/revisions"}],"predecessor-version":[{"id":1512,"href":"http:\/\/formidable-asbl.com\/index.php\/wp-json\/wp\/v2\/pages\/1050\/revisions\/1512"}],"wp:featuredmedia":[{"embeddable":true,"href":"http:\/\/formidable-asbl.com\/index.php\/wp-json\/wp\/v2\/media\/56"}],"wp:attachment":[{"href":"http:\/\/formidable-asbl.com\/index.php\/wp-json\/wp\/v2\/media?parent=1050"}],"curies":[{"name":"wp","href":"https:\/\/api.w.org\/{rel}","templated":true}]}}